{"id":1115,"date":"2021-05-07T06:19:37","date_gmt":"2021-05-07T06:19:37","guid":{"rendered":"https:\/\/learngen.eu\/?page_id=1115"},"modified":"2021-05-10T06:06:10","modified_gmt":"2021-05-10T06:06:10","slug":"resources","status":"publish","type":"page","link":"https:\/\/learngen.eu\/cs\/resources\/","title":{"rendered":"Zdroje"},"content":{"rendered":"<h2><strong>Zdroje<\/strong><\/h2>\n<p><img decoding=\"async\" src=\"\/wp-content\/uploads\/2021\/02\/Desktop-Learning.png\" alt=\"\"><\/p>\n<h2>Kurikulum pro mezigenera\u010dn\u00ed vzd\u011bl\u00e1v\u00e1n\u00ed<\/h2>\n<div>\n<p>Kurikulum odpov\u00edd\u00e1 18 hodin\u00e1m kombinovan\u00e9ho studia. Hlavn\u00edm v\u00fdstupem modul\u016f bude n\u00e1vrh strategick\u00e9ho dokumentu a n\u00e1vrh programu integruj\u00edc\u00ed digit\u00e1ln\u00ed n\u00e1stroje pro mana\u017eery, \u0161kolitele a personalisty.<br \/>\nPro mana\u017eery, HR profesion\u00e1ly a lektory bude p\u0159ipraven 8hodinov\u00fd workshop dopln\u011bn\u00fd o 5 hodin online samostudia. Samostatn\u00e9\/ skupinov\u00e9 studium bude zahrnovat \u017eivou online v\u00fduku a voliteln\u011b i dal\u0161\u00ed osobn\u00ed setk\u00e1n\u00ed s lektory programu.\n<\/p>\n<p>V\u011bt\u0161ina v\u00fdstup\u016f a studijn\u00ed materi\u00e1ly z IO1 budou zve\u0159ejn\u011bny na webov\u00fdch str\u00e1nk\u00e1ch.\n<\/p>\n<\/div>\n<div>\n<p><a class=\"uk-button uk-button-primary notify-soon2 uk-button-nohover\">Ji\u017e brzy<\/a><\/p>\n<\/div>\n<p><img decoding=\"async\" src=\"\/wp-content\/uploads\/2021\/02\/Tablet-Training.png\" alt=\"\"><\/p>\n<h2>\u0160kolen\u00ed pro zam\u011bstnance, kter\u00e9 jim umo\u017en\u00ed st\u00e1t se mentory<\/h2>\n<div>\n<p>\u0160kolen\u00ed je  kombinovan\u00e9 studium, v\u010detn\u011b \u017eiv\u00e9ho setk\u00e1n\u00ed s lektory a pr\u00e1ci s digit\u00e1ln\u00edmi zdroji tak, aby vyhovovalo r\u016fzn\u00fdm styl\u016fm u\u010den\u00ed a odli\u0161n\u00fdm pot\u0159eb\u00e1m v\u0161ech c\u00edlov\u00fdch skupin projektu.<\/p>\n<p>V\u011bt\u0161ina v\u00fdstup\u016f a studijn\u00ed materi\u00e1ly z IO1 budou zve\u0159ejn\u011bny na webov\u00fdch str\u00e1nk\u00e1ch.\n<\/p>\n<\/div>\n<div><a class=\"uk-button uk-button-primary notify-soon3 uk-button-nohover\">Ji\u017e brzy<br \/>\n<\/a><\/div>\n<p><!--more--><br \/>\n<!-- {\"name\":\"Resources Final\",\"type\":\"layout\",\"children\":[{\"type\":\"section\",\"props\":{\"style\":\"default\",\"width\":\"default\",\"vertical_align\":\"middle\",\"title_position\":\"top-left\",\"title_rotation\":\"left\",\"title_breakpoint\":\"xl\",\"image_position\":\"center-center\",\"padding_remove_top\":false},\"children\":[{\"type\":\"row\",\"children\":[{\"type\":\"column\",\"props\":{\"image_position\":\"center-center\",\"media_overlay_gradient\":\"\"},\"children\":[{\"type\":\"headline\",\"props\":{\"title_element\":\"h2\",\"content\":\"<strong>Zdroje<\\\/strong>\",\"title_style\":\"h2\"}}]}]},{\"type\":\"row\",\"props\":{\"layout\":\"1-3,2-3\"},\"children\":[{\"type\":\"column\",\"props\":{\"image_position\":\"center-center\",\"media_overlay_gradient\":\"\",\"width_medium\":\"1-3\"},\"children\":[{\"type\":\"image\",\"props\":{\"margin\":\"default\",\"image_svg_color\":\"emphasis\",\"image\":\"wp-content\\\/uploads\\\/2021\\\/02\\\/Desktop-Learning.png\",\"class\":\"el-image-minus1 el-image-mobile\"}}]},{\"type\":\"column\",\"props\":{\"image_position\":\"center-center\",\"media_overlay_gradient\":\"\",\"width_medium\":\"2-3\",\"vertical_align\":\"middle\"},\"children\":[{\"type\":\"headline\",\"props\":{\"title_element\":\"h2\",\"content\":\"Kurikulum pro mezigenera\\u010dn\\u00ed vzd\\u011bl\\u00e1v\\u00e1n\\u00ed\",\"title_style\":\"h2\"}},{\"type\":\"text\",\"props\":{\"margin\":\"default\",\"column_breakpoint\":\"m\",\"content\":\"\n\n<p>Kurikulum odpov\\u00edd\\u00e1 18 hodin\\u00e1m kombinovan\\u00e9ho studia. Hlavn\\u00edm v\\u00fdstupem modul\\u016f bude n\\u00e1vrh strategick\\u00e9ho dokumentu a n\\u00e1vrh programu integruj\\u00edc\\u00ed digit\\u00e1ln\\u00ed n\\u00e1stroje pro mana\\u017eery, \\u0161kolitele a personalisty.\\nPro mana\\u017eery, HR profesion\\u00e1ly a lektory bude p\\u0159ipraven 8hodinov\\u00fd workshop dopln\\u011bn\\u00fd o 5 hodin online samostudia. Samostatn\\u00e9\\\/ skupinov\\u00e9 studium bude zahrnovat \\u017eivou online v\\u00fduku a voliteln\\u011b i dal\\u0161\\u00ed osobn\\u00ed setk\\u00e1n\\u00ed s lektory programu.\\n<\\\/p>\\n\n\n<p>V\\u011bt\\u0161ina v\\u00fdstup\\u016f a studijn\\u00ed materi\\u00e1ly z IO1 budou zve\\u0159ejn\\u011bny na webov\\u00fdch str\\u00e1nk\\u00e1ch.\\n<\\\/p>\",\"class\":\"uk-text-color-primary\"}},{\"type\":\"text\",\"props\":{\"margin\":\"default\",\"column_breakpoint\":\"m\",\"content\":\"\n\n<p><a class=\\\"uk-button uk-button-primary notify-soon2 uk-button-nohover\\\">Ji\\u017e brzy<\\\/a><\\\/p>\"},\"modified\":\"2021-03-08T08:29:43.413Z\",\"name\":\"coming soon\"}]}]}]},{\"type\":\"section\",\"props\":{\"style\":\"default\",\"width\":\"default\",\"vertical_align\":\"middle\",\"title_position\":\"top-left\",\"title_rotation\":\"left\",\"title_breakpoint\":\"xl\",\"image_position\":\"center-center\"},\"children\":[{\"type\":\"row\",\"props\":{\"layout\":\"1-3,2-3\"},\"children\":[{\"type\":\"column\",\"props\":{\"image_position\":\"center-center\",\"media_overlay_gradient\":\"\",\"width_medium\":\"1-3\"},\"children\":[{\"type\":\"image\",\"props\":{\"margin\":\"default\",\"image_svg_color\":\"emphasis\",\"image\":\"wp-content\\\/uploads\\\/2021\\\/02\\\/Tablet-Training.png\",\"class\":\"el-image-minus1 el-image-mobile\"}}]},{\"type\":\"column\",\"props\":{\"image_position\":\"center-center\",\"media_overlay_gradient\":\"\",\"width_medium\":\"2-3\",\"vertical_align\":\"middle\"},\"children\":[{\"type\":\"headline\",\"props\":{\"title_element\":\"h2\",\"content\":\"\\u0160kolen\\u00ed pro zam\\u011bstnance, kter\\u00e9 jim umo\\u017en\\u00ed st\\u00e1t se mentory\",\"title_style\":\"h2\"}},{\"type\":\"text\",\"props\":{\"margin\":\"default\",\"column_breakpoint\":\"m\",\"content\":\"\n\n<p>\\u0160kolen\\u00ed je  kombinovan\\u00e9 studium, v\\u010detn\\u011b \\u017eiv\\u00e9ho setk\\u00e1n\\u00ed s lektory a pr\\u00e1ci s digit\\u00e1ln\\u00edmi zdroji tak, aby vyhovovalo r\\u016fzn\\u00fdm styl\\u016fm u\\u010den\\u00ed a odli\\u0161n\\u00fdm pot\\u0159eb\\u00e1m v\\u0161ech c\\u00edlov\\u00fdch skupin projektu.<\\\/p>\\n\n\n<p>V\\u011bt\\u0161ina v\\u00fdstup\\u016f a studijn\\u00ed materi\\u00e1ly z IO1 budou zve\\u0159ejn\\u011bny na webov\\u00fdch str\\u00e1nk\\u00e1ch.\\n<\\\/p>\",\"class\":\"uk-text-color-primary \"}},{\"type\":\"text\",\"props\":{\"margin\":\"default\",\"column_breakpoint\":\"m\",\"content\":\"<a class=\\\"uk-button uk-button-primary notify-soon3 uk-button-nohover\\\">Ji\\u017e brzy\\n<\\\/a>\"},\"modified\":\"2021-03-08T08:29:43.413Z\",\"name\":\"coming soon\"}]}]}]}],\"version\":\"2.4.12\"} --><\/p>\n","protected":false},"excerpt":{"rendered":"<p>Zdroje Kurikulum pro mezigenera\u010dn\u00ed vzd\u011bl\u00e1v\u00e1n\u00ed Kurikulum odpov\u00edd\u00e1 18 hodin\u00e1m kombinovan\u00e9ho studia. Hlavn\u00edm v\u00fdstupem modul\u016f bude n\u00e1vrh strategick\u00e9ho dokumentu a n\u00e1vrh&#8230;<\/p>\n","protected":false},"author":1,"featured_media":0,"parent":0,"menu_order":0,"comment_status":"closed","ping_status":"closed","template":"","meta":{"_acf_changed":false,"footnotes":""},"class_list":["post-1115","page","type-page","status-publish","hentry"],"acf":[],"_links":{"self":[{"href":"https:\/\/learngen.eu\/cs\/wp-json\/wp\/v2\/pages\/1115","targetHints":{"allow":["GET"]}}],"collection":[{"href":"https:\/\/learngen.eu\/cs\/wp-json\/wp\/v2\/pages"}],"about":[{"href":"https:\/\/learngen.eu\/cs\/wp-json\/wp\/v2\/types\/page"}],"author":[{"embeddable":true,"href":"https:\/\/learngen.eu\/cs\/wp-json\/wp\/v2\/users\/1"}],"replies":[{"embeddable":true,"href":"https:\/\/learngen.eu\/cs\/wp-json\/wp\/v2\/comments?post=1115"}],"version-history":[{"count":8,"href":"https:\/\/learngen.eu\/cs\/wp-json\/wp\/v2\/pages\/1115\/revisions"}],"predecessor-version":[{"id":1231,"href":"https:\/\/learngen.eu\/cs\/wp-json\/wp\/v2\/pages\/1115\/revisions\/1231"}],"wp:attachment":[{"href":"https:\/\/learngen.eu\/cs\/wp-json\/wp\/v2\/media?parent=1115"}],"curies":[{"name":"wp","href":"https:\/\/api.w.org\/{rel}","templated":true}]}}

<h2><strong>Zdroje</strong></h2>
<p><img decoding="async" src="/wp-content/uploads/2021/02/Desktop-Learning.png" alt=""></p>
<h2>Kurikulum pro mezigenerační vzdělávání</h2>
<div>
<p>Kurikulum odpovídá 18 hodinám kombinovaného studia. Hlavním výstupem modulů bude návrh strategického dokumentu a návrh programu integrující digitální nástroje pro manažery, školitele a personalisty.<br />
Pro manažery, HR profesionály a lektory bude připraven 8hodinový workshop doplněný o 5 hodin online samostudia. Samostatné/ skupinové studium bude zahrnovat živou online výuku a volitelně i další osobní setkání s lektory programu.
</p>
<p>Většina výstupů a studijní materiály z IO1 budou zveřejněny na webových stránkách.
</p>
</div>
<div>
<p><a class="uk-button uk-button-primary notify-soon2 uk-button-nohover">Již brzy</a></p>
</div>
<p><img decoding="async" src="/wp-content/uploads/2021/02/Tablet-Training.png" alt=""></p>
<h2>Školení pro zaměstnance, které jim umožní stát se mentory</h2>
<div>
<p>Školení je  kombinované studium, včetně živého setkání s lektory a práci s digitálními zdroji tak, aby vyhovovalo různým stylům učení a odlišným potřebám všech cílových skupin projektu.</p>
<p>Většina výstupů a studijní materiály z IO1 budou zveřejněny na webových stránkách.
</p>
</div>
<div><a class="uk-button uk-button-primary notify-soon3 uk-button-nohover">Již brzy<br />
</a></div>
<p><!--more--><br />
<!-- {"name":"Resources Final","type":"layout","children":[{"type":"section","props":{"style":"default","width":"default","vertical_align":"middle","title_position":"top-left","title_rotation":"left","title_breakpoint":"xl","image_position":"center-center","padding_remove_top":false},"children":[{"type":"row","children":[{"type":"column","props":{"image_position":"center-center","media_overlay_gradient":""},"children":[{"type":"headline","props":{"title_element":"h2","content":"<strong>Zdroje<\/strong>","title_style":"h2"}}]}]},{"type":"row","props":{"layout":"1-3,2-3"},"children":[{"type":"column","props":{"image_position":"center-center","media_overlay_gradient":"","width_medium":"1-3"},"children":[{"type":"image","props":{"margin":"default","image_svg_color":"emphasis","image":"wp-content\/uploads\/2021\/02\/Desktop-Learning.png","class":"el-image-minus1 el-image-mobile"}}]},{"type":"column","props":{"image_position":"center-center","media_overlay_gradient":"","width_medium":"2-3","vertical_align":"middle"},"children":[{"type":"headline","props":{"title_element":"h2","content":"Kurikulum pro mezigenera\u010dn\u00ed vzd\u011bl\u00e1v\u00e1n\u00ed","title_style":"h2"}},{"type":"text","props":{"margin":"default","column_breakpoint":"m","content":"

<p>Kurikulum odpov\u00edd\u00e1 18 hodin\u00e1m kombinovan\u00e9ho studia. Hlavn\u00edm v\u00fdstupem modul\u016f bude n\u00e1vrh strategick\u00e9ho dokumentu a n\u00e1vrh programu integruj\u00edc\u00ed digit\u00e1ln\u00ed n\u00e1stroje pro mana\u017eery, \u0161kolitele a personalisty.\nPro mana\u017eery, HR profesion\u00e1ly a lektory bude p\u0159ipraven 8hodinov\u00fd workshop dopln\u011bn\u00fd o 5 hodin online samostudia. Samostatn\u00e9\/ skupinov\u00e9 studium bude zahrnovat \u017eivou online v\u00fduku a voliteln\u011b i dal\u0161\u00ed osobn\u00ed setk\u00e1n\u00ed s lektory programu.\n<\/p>\n

<p>V\u011bt\u0161ina v\u00fdstup\u016f a studijn\u00ed materi\u00e1ly z IO1 budou zve\u0159ejn\u011bny na webov\u00fdch str\u00e1nk\u00e1ch.\n<\/p>","class":"uk-text-color-primary"}},{"type":"text","props":{"margin":"default","column_breakpoint":"m","content":"

<p><a class=\"uk-button uk-button-primary notify-soon2 uk-button-nohover\">Ji\u017e brzy<\/a><\/p>"},"modified":"2021-03-08T08:29:43.413Z","name":"coming soon"}]}]}]},{"type":"section","props":{"style":"default","width":"default","vertical_align":"middle","title_position":"top-left","title_rotation":"left","title_breakpoint":"xl","image_position":"center-center"},"children":[{"type":"row","props":{"layout":"1-3,2-3"},"children":[{"type":"column","props":{"image_position":"center-center","media_overlay_gradient":"","width_medium":"1-3"},"children":[{"type":"image","props":{"margin":"default","image_svg_color":"emphasis","image":"wp-content\/uploads\/2021\/02\/Tablet-Training.png","class":"el-image-minus1 el-image-mobile"}}]},{"type":"column","props":{"image_position":"center-center","media_overlay_gradient":"","width_medium":"2-3","vertical_align":"middle"},"children":[{"type":"headline","props":{"title_element":"h2","content":"\u0160kolen\u00ed pro zam\u011bstnance, kter\u00e9 jim umo\u017en\u00ed st\u00e1t se mentory","title_style":"h2"}},{"type":"text","props":{"margin":"default","column_breakpoint":"m","content":"

<p>\u0160kolen\u00ed je  kombinovan\u00e9 studium, v\u010detn\u011b \u017eiv\u00e9ho setk\u00e1n\u00ed s lektory a pr\u00e1ci s digit\u00e1ln\u00edmi zdroji tak, aby vyhovovalo r\u016fzn\u00fdm styl\u016fm u\u010den\u00ed a odli\u0161n\u00fdm pot\u0159eb\u00e1m v\u0161ech c\u00edlov\u00fdch skupin projektu.<\/p>\n

<p>V\u011bt\u0161ina v\u00fdstup\u016f a studijn\u00ed materi\u00e1ly z IO1 budou zve\u0159ejn\u011bny na webov\u00fdch str\u00e1nk\u00e1ch.\n<\/p>","class":"uk-text-color-primary "}},{"type":"text","props":{"margin":"default","column_breakpoint":"m","content":"<a class=\"uk-button uk-button-primary notify-soon3 uk-button-nohover\">Ji\u017e brzy\n<\/a>"},"modified":"2021-03-08T08:29:43.413Z","name":"coming soon"}]}]}]}],"version":"2.4.12"} --></p>

<p>Zdroje Kurikulum pro mezigenerační vzdělávání Kurikulum odpovídá 18 hodinám kombinovaného studia. Hlavním výstupem modulů bude návrh strategického dokumentu a návrh&#8230;</p>
